is 11000 - -11022?
22022
In base 3, what is -1 - -21022010?
21022002
In base 15, what is 0 + -cc?
-cc
In base 10, what is -51 + 74?
23
In base 14, what is 14 + -c?
6
In base 16, what is -33 + a?
-29
In base 6, what is -23123 - 5?
-23132
In base 10, what is 18 - 39?
-21
In base 3, what is 2 + 2011022?
2011101
In base 6, what is -4 + -3350?
-3354
In base 8, what is -14 - -74?
60
In base 5, what is 4 + -120?
-111
In base 3, what is -10 + -21000022?
-21000102
In base 3, what is 1012111 - -12?
1012200
In base 16, what is -3 + -d?
-10
In base 3, what is 21211101 - 2?
21211022
In base 12, what is -2 + -89?
-8b
In base 15, what is 5 + 29?
2e
In base 4, what is 213310 + 0?
213310
In base 16, what is 2b + 1c?
47
In base 10, what is 1 - -367?
368
In base 10, what is 147 + 40?
187
In base 2, what is -100110 - 11?
-101001
In base 7, what is -2262 - 3?
-2265
In base 4, what is -10 + 1102332?
1102322
In base 3, what is 1 - 220102?
-220101
In base 9, what is 244 + -3?
241
In base 8, what is -13 - -655?
642
In base 2, what is -1011 - 11010110000?
-11010111011
In base 9, what is 65 + 5?
71
In base 4, what is -12 - -33?
21
In base 7, what is 105 + -2?
103
In base 2, what is 101 + -10100011?
-10011110
In base 5, what is -441 - -200?
-241
In base 11, what is 862 - 4?
859
In base 10, what is 1271 + -4?
1267
In base 8, what is -1041 - -3?
-1036
In base 4, what is -1131 + 102?
-1023
In base 8, what is 12 + -10?
2
In base 15, what is 91 + 0?
91
In base 13, what is -4a08 - -2?
-4a06
In base 13, what is -19c - 1b?
-1ba
In base 11, what is -41 + -21?
-62
In base 13, what is 1 + 105a?
105b
In base 4, what is -1 - -13222?
13221
In base 14, what is 23b - 6?
235
In base 6, what is -10045 + 2?
-10043
In base 12, what is -7 + 301?
2b6
In base 2, what is -1001001100 + 1?
-1001001011
In base 12, what is 20b8 - -4?
2100
In base 6, what is 1440 + -1?
1435
In base 13, what is -4 - 67?
-6b
In base 4, what is 11 - 31303?
-31232
In base 5, what is 33 + -33?
0
In base 9, what is -312 + -1?
-313
In base 4, what is 10 - 11123?
-11113
In base 12, what is 2 + -8a7?
-8a5
In base 15, what is 9 + -3a?
-31
In base 8, what is 0 + 73?
73
In base 9, what is -2 + 2314?
2312
In base 16, what is -1 + 32?
31
In base 10, what is 22 - 124?
-102
In base 12, what is 2 - 806?
-804
In base 9, what is 14 + 1433?
1447
In base 12, what is a00 + 0?
a00
In base 10, what is 18 + 2153?
2171
In base 15, what is -6 - -52?
4b
In base 5, what is -1 - 11141?
-11142
In base 2, what is 100100111001000 - 11?
100100111000101
In base 11, what is a277 + 0?
a277
In base 2, what is 101 + 111000000111?
111000001100
In base 7, what is -2 + 2223?
2221
In base 11, what is -5 + 18?
13
In base 2, what is -1001111101001 + 1?
-1001111101000
In base 2, what is -11 - -11101?
11010
In base 9, what is 5 - 333?
-327
In base 8, what is -162 - -110?
-52
In base 9, what is -41 - 3?
-44
In base 15, what is 2 + a?
c
In base 6, what is 5 - -32150?
32155
In base 16, what is 163 - -1?
164
In base 13, what is -11bb + 2?
-11b9
In base 2, what is 100 - 110000?
-101100
In base 9, what is 5 - -8?
14
In base 10, what is 116 + -1?
115
In base 10, what is 4272 + 0?
4272
In base 13, what is -4 + bc9?
bc5
In base 15, what is -1b2 + -26?
-1d8
In base 10, what is 20 - -87?
107
In base 13, what is -3 + 157?
154
In base 13, what is 802c - 1?
802b
In base 12, what is 520 + a?
52a
In base 6, what is -2 + -510?
-512
In base 15, what is -40 - 1a8?
-1e8
In base 13, what is -42 + -6?
-48
In base 10, what is -8 + 91?
83
In base 2, what is -10 + 1001110?
1001100
In base 14, what is -93 + -68?
-11b
In base 11, what is 385 + -16?
36a
In base 6, what is 10 + 25?
35
In base 2, what is 0 + -101001100111?
-101001100111
In base 2, what is 1000 - 1100?
-100
In base 16, what is 9e + 1?
9f
In base 2, what is 111110111 + 10000?
1000000111
In base 9, what is -1 + 458?
457
In base 7, what is -16506 - -1?
-16505
In base 11, what is 15 - 23?
-9
In base 11, what is -4 + -21?
-25
In base 8, what is 236 + 32?
270
In base 13, what is -239 - 0?
-239
In base 13, what is 7 + 1257?
1261
In base 14, what is -2 + 131?
12d
In base 9, what is 313 + -4?
308
In base 15, what is 19 + -d?
b
In base 9, what is 327 + 28?
356
In base 13, what is -2 + -338?
-33a
In base 11, what is 168 + 2?
16a
In base 12, what is 692 - 3?
68b
In base 16, what is 4 + -15b?
-157
In base 9, what is -1206 + 5?
-1201
In base 15, what is 4 + a?
e
In base 3, what is -1111 + -2?
-1120
In base 10, what is -10 + 4?
-6
In base 5, what is 1004 + -1?
1003
In base 3, what is 12211 - -10?
12221
In base 16, what is 3d - -7?
44
In base 4, what is -2002 + -3?
-2011
In base 2, what is 11101 + -1100?
10001
In base 7, what is 3422 + 20?
3442
In base 11, what is -57a + -8?
-587
In base 12, what is 63 - 13?
50
In base 15, what is cb + 3?
ce
In base 16, what is 5 + -145?
-140
In base 15, what is -3 + -413?
-416
In base 8, what is 441 + 2?
443
In base 12, what is 103 - 1a?
a5
In base 11, what is -4 + -515?
-519
In base 15, what is 3a + -6?
34
In base 5, what is -102 - 432?
-1034
In base 10, what is 22 + -18?
4
In base 11, what is 8139 + 5?
8143
In base 14, what is 1 - -7da?
7db
In base 8, what is -1 - -2106?
2105
In base 6, what is -14 - -24002?
23544
In base 9, what is 14 + -48?
-34
In base 5, what is 2 + 344?
401
In base 9, what is 12 - 573?
-561
In base 16, what is a3 + -1?
a2
In base 12, what is 0 + -80?
-80
In base 3, what is 2 - -2020?
2022
In base 3, what is -20101 + 11?
-20020
In base 13, what is -32 - 2?
-34
In base 15, what is -d9 - 3b?
-125
In base 12, what is 7091 + 2?
7093
In base 8, what is 12026 - 7?
12017
In base 2, what is -10101101001 - 11?
-10101101100
In base 12, what is -100 + -1?
-101
In base 13, what is -1 + 11b?
11a
In base 11, what is -89a - -18?
-882
In base 7, what is 322 - 10?
312
In base 11, what is 1 - 39?
-38
In base 12, what is -2a9 - -1?
-2a8
In base 3, what is -101010011 + -11?
-101010022
In base 16, what is 77 - 9?
6e
In base 5, what is 4 + -30?
-21
In base 7, what is -3 + 1010?
1004
In base 2, what is 10101 - -100111010?
101001111
In base 11, what is -24 - 390?
-404
In base 11, what is -194 + -16?
-1aa
In base 4, what is -2 - -103323?
103321
In base 7, what is -5 - -103?
65
In base 10, what is 2420 + 4?
2424
In base 3, what is -10 - 2211?
-2221
In base 16, what is -3 - 670?
-673
In base 9, what is 1383 + -1?
1382
In base 16, what is -f9b + 2?
-f99
In base 8, what is 110 - -10?
120
In base 12, what is -146 - 5?
-14b
In base 2, what is -1011 + -111?
-10010
In base 4, what is 1131 + 121?
1312
In base 4, what is -11311 - -10?
-11301
In base 4, what is -10 - -10?
0
In base 8, what is -746 + 2?
-744
In base 5, what is 24 - -241?
320
In base 14, what is -1b5 - 5?
-1ba
In base 10, what is 7 + 5?
12
In base 11, what is 1 - 38?
-37
In base 3, what is 10 + 10200?
10210
In base 4, what is -23 - -102?
13
In base 7, what is -2 - 2456?
-2461
In base 4, what is -10022 - 111?
-10133
In base 6, what is -10143 - -2?
-10141
In base 3, what is -20 - -1102201?
1102111
In base 6, what is -4511 + 5?
-4502
In base 15, what is 5 + 1a?
20
In base 11, what is -49 + a?
-3a
In base 13, what is 8 - -41b?
426
In base 5, what is -1 - -11244?
11243
In base 6, what is 2403 + 5?
2412
In base 2, what is -101 + 1000110101?
1000110000
In base 12, what is -2 + 229?
227
In base 2, what is 1100110 + 101?
1101011
In base 10, what is 1 + -2691?
-2690
In base 14, what is -65 + -5?
-6a
In base 15, what is -21 - -b?
-15
In base 12, what is -1b5 + 5?
-1b0
In base 7, what is 11 + 231?
242
In base 16, what is 5d + 21?
7e
In base 8, what is -2467 - 0?
-2467
In base 10, what is 16389 - 0?
16389
In base 14, what is -214 + 5?
-20d
In base 10, what is -21 + 40?
19
In base 3, what is 1000 - 10?
220
In base 9, what is -10 + 38?
28
In base 11, what is -6 - -3a?
34
In base 6, what is 14 + -41?
-23
In base 3, what is -222 - -202?
-20
In base 4, what is -33 + 10210?
10111
In base 12, what is 262 + -4?
25a
In base 2, what is -11 + -1001011?
-1001110
In base 2, what is 11101 + 100110000?
101001101
In base 5, what is 40 - 320?
-230
In base 4, what is -1 - 1021?
-1022
In base 10, what is -75 + 39?
-36
In base 10, what is -3 + -2137?
-2140
In base 4, what is 13 - 211110?
-211031
In base 12, what is 4 - 58?
-54
In base 2, what is 101 + -11010100?
-11001111
In base 10,